{"id":127,"date":"2024-10-24T17:44:26","date_gmt":"2024-10-24T17:44:26","guid":{"rendered":"https:\/\/institutodeltrauma.com\/?page_id=127"},"modified":"2025-02-21T13:16:36","modified_gmt":"2025-02-21T13:16:36","slug":"terapia-de-trauma-2","status":"publish","type":"page","link":"https:\/\/institutodeltrauma.com\/index.php\/terapia-de-trauma-2\/","title":{"rendered":"Terapia de Trauma"},"content":{"rendered":"\n<p><strong>LA TERAPIA DE TRAUMA HOY<\/strong><\/p>\n\n\n\n<p class=\"has-text-align-left\">La terapia de conversaci\u00f3n no sana el trauma .En el caso del trauma por IVE hablar puede ser muy liberador porque por fin has podido compartir la carga de un peso que probablemente has llevado en soledad .Tambi\u00e9n es posible que te sientas un gran alivio porque por primera vez te has dado el permiso de sacar a la luz el sufrimiento que durante mucho tiempo has tratado de contener. Pero a pesar de la necesidad  de contar con una presencia compasiva ,un testigo que nos escucha , nos comprende y nos acoge sin juicios, para sanar el trauma, adem\u00e1s es necesario recurrir a otros abordajes espec\u00edficamente orientados a la curaci\u00f3n de trauma.<\/p>\n\n\n\n<p class=\"has-text-align-left\">Desde los a\u00f1os 80 se han hecho avances extraordinarios en la comprensi\u00f3n del trauma, en la distinci\u00f3n del trauma como una entidad propia frente a otros problemas de salud mental y en c\u00f3mo abordarlo. Actualmente existen 4 terapias orientada al trabajo con trauma : EMDR ( Eye Movement Desensitization and Reprocesing, en espa\u00f1ol Movimientos Oculares para la Desensibilizaci\u00f3n y el Reprocesamiento del Trauma ) ,  IFS (Sistemas de Familia Interna ) y otras dos que realizan una aproximaci\u00f3n al trauma desde el cuerpo : Somatic Experiencing y Psicoterapia Sensoriomotriz. En el Instituto trabajamos con las dos primeras , EMDR y IFS ( Sistemas de Familia Interna).<\/p>\n\n\n\n<p><\/p>\n\n\n\n<p><strong>C\u00d3MO<\/strong> <strong>TRATAMOS EL TRAUMA POR IVE EN EL INSTITUTO<\/strong><em><strong>?<\/strong><\/em><\/p>\n\n\n\n<p>La IVE &nbsp;es&nbsp; emocionalmente traum\u00e1tica aunque  las&nbsp;consecuencias&nbsp;no se manifiestan siempre de forma inmediata sino que pueden aparecer semanas m\u00e1s tarde, meses m\u00e1s tarde o a\u00f1os m\u00e1s tarde ( hasta d\u00e9cadas m\u00e1s tarde).<\/p>\n\n\n\n<p>A veces puede detornarse cuando la mujer busca un embarazo o en ocasiones es otra p\u00e9rdida vital importante&nbsp;la que detona las emociones no procesadas de la IVE, otras cuando la mujer llega a la menopausia, a veces puede desaparecer y si no se ha tratado, reaparecer de nuevo con m\u00e1s fuerza. El trauma, si se ha producido, necesita ser reparado.<\/p>\n\n\n\n<p>El legado que el trauma deja en cada mujer es diferente va a depender de la resiliencia de su sistema nervioso, de la salud emocional previa al hecho , de su personalidad , de los recursos personales que haya desarrollado a lo largo de su vida  o de la existencia de traumas previos sin elaborar ( no necesariamente vinculados a un trauma reproductivo ), etc .<\/p>\n\n\n\n<p>Pero en cualquier caso ,si sufres trauma a consecuencia de una IVE te encuentras lidiando con estos 3 estados, con mayor o menor intensidad:<\/p>\n\n\n\n<p><strong>1<\/strong>.- <strong>Desregulaci\u00f3n cr\u00f3nica de tu Sistema Nervioso<\/strong>, puede estar hiperactivado y presentar s\u00edntomas como ansiedad, insomnio,tensiones musculares , dificultad para concentrarte), etc o hipoactivado ( desconexi\u00f3n y falta de inter\u00e9s en el entorno, aislamiento sensaci\u00f3n de estar \u201c vac\u00eda\u201d o \u201cmuerta en vida \u00b7\u201d. Tambi\u00e9n puede ser un estado que oscila entre la hiper y la hipoactivaci\u00f3n.<\/p>\n\n\n\n<p><strong>2.- Te sientes muy a menudo detonada <\/strong>, por ejemplo al ver a una mujer embarazada, o al escuchar &nbsp;una conversaci\u00f3n sobre maternidad, o por el simple hecho de pasar por una tienda de ropa de ni\u00f1os ,por pasar &nbsp;un lugar parecido a la clinica .Al detonarte te sientes autom\u00e1ticamente inundada de emociones negativas tambi\u00e9n a veces de s\u00edntomas f\u00edsicos &nbsp;y aunque no seas consciente de ello , de creencias negativas&nbsp;sobre t\u00ed misma &nbsp;o sobre lo que te sucedi\u00f3.<\/p>\n\n\n\n<p>Todo este material traum\u00e1tico se activa de forma autom\u00e1tica ,sin tengas control sobre ello. Por eso, para evitar los detonantes solo has encontrado el aislamiento como f\u00f3rmula ( evitas lugares, personas, situaciones que te recuerdan y por tanto te detonan)<\/p>\n\n\n\n<p><strong>3<\/strong>. <strong>Te &nbsp;encuentres librando una batalla interna <\/strong>que posiblemente llevas &nbsp;en total soledad donde el juicio , el autodesprecio , la culpa y probablemente  la b\u00fasqueda de castigo se han convertido en tu compa\u00f1ia. <\/p>\n\n\n\n<p class=\"has-text-align-left\">En el Instituto trabajamos con un modelo de 3 fases (integrado) para tener en cuenta todos los aspectos que forman parte del trauma por IVE. Para ello es necesario en primer lugar tratar la desregulaci\u00f3n del sistema nervioso que el trauma ha provocado, procesar las emociones las sensaciones corporales y con las creencias que se han originado a ra\u00edz de la experiencia (con EMDR) y finalmente transformar la relaci\u00f3n contigo misma reemplazando la verg\u00fcenza, \u00e9l odio hacia ti misma y las suposiciones de culpa por &nbsp;la aceptaci\u00f3n compasiva ( con IFS , Sistema de Familia Interna).<\/p>\n\n\n\n<p class=\"has-text-align-left\"> El objetivo final es que puedas lograr la paz con el hecho doloroso y dar un lugar en tu coraz\u00f3n a ese beb\u00e9 que perdiste, sin dolor, sin angustia ,sin culpa y  cuando por fin sientas que ha llegado el momento para t\u00ed , podr\u00e1s dejarlo ir y tomar tu vida con m\u00e1s fuerza para t\u00ed misma y para los que tal vez ya est\u00e1n  o alg\u00fan dia vendr\u00e1n. <\/p>\n\n\n\n<p>Recuperarse del trauma est\u00e1 a tu alcance.&nbsp;En el Instituto queremos que la terapia pueda llegar a&nbsp;&nbsp;todas aquellas mujeres que lo necesiten. Somos conscientes del impacto y de las repercusiones que tiene el trauma no sanado en la salud mental, en el bienestar y en el futuro de una mujer. Por eso hemos creado un Sistema de Tarfias Escalable y  de otras medidas  para facilitar el acceso a la terapia.<\/p>\n\n\n\n<p>Cons\u00faltalo aqu\u00ed <a href=\"https:\/\/institutodeltrauma.com\/index.php\/nuestras-tarifas-escalables\/\" data-type=\"page\" data-id=\"386\">Nuestras Tarifas Escalable<\/a><\/p>\n\n\n\n<p><\/p>\n\n\n\n<p><\/p>\n\n\n\n<p><\/p>\n\n\n\n<p><\/p>\n\n\n\n<p><\/p>\n\n\n\n<p><\/p>\n","protected":false},"excerpt":{"rendered":"<p>LA TERAPIA DE TRAUMA HOY La terapia de conversaci\u00f3n no sana el trauma .En el caso del trauma por IVE hablar puede ser muy liberador porque por fin has podido compartir la carga de un peso que probablemente has llevado en soledad .Tambi\u00e9n es posible que te sientas un gran alivio porque por primera vez &hellip; <\/p>\n<p class=\"link-more\"><a href=\"https:\/\/institutodeltrauma.com\/index.php\/terapia-de-trauma-2\/\" class=\"more-link\">Read more<span class=\"screen-reader-text\"> &#8220;Terapia de Trauma&#8221;<\/span><\/a><\/p>\n","protected":false},"author":1,"featured_media":124,"parent":0,"menu_order":0,"comment_status":"closed","ping_status":"closed","template":"","meta":{"footnotes":""},"class_list":["post-127","page","type-page","status-publish","has-post-thumbnail","hentry"],"_links":{"self":[{"href":"https:\/\/institutodeltrauma.com\/index.php\/wp-json\/wp\/v2\/pages\/127","targetHints":{"allow":["GET"]}}],"collection":[{"href":"https:\/\/institutodeltrauma.com\/index.php\/wp-json\/wp\/v2\/pages"}],"about":[{"href":"https:\/\/institutodeltrauma.com\/index.php\/wp-json\/wp\/v2\/types\/page"}],"author":[{"embeddable":true,"href":"https:\/\/institutodeltrauma.com\/index.php\/wp-json\/wp\/v2\/users\/1"}],"replies":[{"embeddable":true,"href":"https:\/\/institutodeltrauma.com\/index.php\/wp-json\/wp\/v2\/comments?post=127"}],"version-history":[{"count":39,"href":"https:\/\/institutodeltrauma.com\/index.php\/wp-json\/wp\/v2\/pages\/127\/revisions"}],"predecessor-version":[{"id":399,"href":"https:\/\/institutodeltrauma.com\/index.php\/wp-json\/wp\/v2\/pages\/127\/revisions\/399"}],"wp:featuredmedia":[{"embeddable":true,"href":"https:\/\/institutodeltrauma.com\/index.php\/wp-json\/wp\/v2\/media\/124"}],"wp:attachment":[{"href":"https:\/\/institutodeltrauma.com\/index.php\/wp-json\/wp\/v2\/media?parent=127"}],"curies":[{"name":"wp","href":"https:\/\/api.w.org\/{rel}","templated":true}]}}